{"id":112,"date":"2021-02-01T12:02:58","date_gmt":"2021-02-01T12:02:58","guid":{"rendered":"http:\/\/www.emilily.com\/?page_id=112"},"modified":"2022-12-16T14:28:04","modified_gmt":"2022-12-16T14:28:04","slug":"a-propos","status":"publish","type":"page","link":"https:\/\/www.emilily.com\/?page_id=112&lang=fr","title":{"rendered":"A PROPOS"},"content":{"rendered":"\n<figure class=\"wp-block-video aligncenter\"><video height=\"1080\" style=\"aspect-ratio: 1920 \/ 1080;\" width=\"1920\" autoplay controls src=\"https:\/\/www.emilily.com\/wp-content\/uploads\/2022\/12\/Reel-site-web-1.mp4\"><\/video><\/figure>\n\n\n\n<p class=\"wp-block-paragraph\">Je suis Emilie et j&#8217;aime \u00eatre active artistiquement, que ce soit via la photographie, ma voix, en tant que mod\u00e8le, com\u00e9dienne ou danseuse. Mon enthousiasme est palpable que je sois devant ou derri\u00e8re la cam\u00e9ra. Le nom Emilily vient du m \u00e9lange entre mon vrai pr\u00e9nom, et mon nom de sc\u00e8ne &#8220;Lily Woo&#8221;. <\/p>\n\n\n\n<p class=\"wp-block-paragraph\">Ce site web est un portfolio non exhaustif des diff\u00e9rents c\u00f4t\u00e9s de ma vie artistique. <\/p>\n\n\n\n<p class=\"has-dark-gray-color has-text-color wp-block-paragraph\">Je suis \u00e9galement\u00a0<a rel=\"noreferrer noopener\" href=\"http:\/\/www.emilieb.com\/\" target=\"_blank\"><strong><mark style=\"background-color:#fff\" class=\"has-inline-color has-dark-gray-color\">life coach<\/mark><\/strong><\/a><mark style=\"background-color:#fff\" class=\"has-inline-color has-black-color\"> <\/mark>et suis consultante sur des projets de marketing et communication. <\/p>\n\n\n\n<p class=\"wp-block-paragraph\">N&#8217;h\u00e9sitez pas \u00e0 me contacter pour parler de projets que nous pourrions co-cr\u00e9er! <\/p>\n\n\n\n<p class=\"wp-block-paragraph\"><\/p>\n\n\n\n<p class=\"wp-block-paragraph\"><\/p>\n\n\n\n<p class=\"wp-block-paragraph\"><\/p>\n\n\n\n<p class=\"wp-block-paragraph\"><\/p>\n","protected":false},"excerpt":{"rendered":"<p>Je suis Emilie et j&#8217;aime \u00eatre active artistiquement, que ce soit via la photographie, ma voix, en tant que mod\u00e8le, com\u00e9dienne ou danseuse. Mon enthousiasme est palpable que je sois devant ou derri\u00e8re la cam\u00e9ra. Le nom Emilily vient du m \u00e9lange entre mon vrai pr\u00e9nom, et mon nom de sc\u00e8ne &#8220;Lily Woo&#8221;. Ce site [&hellip;]<\/p>\n","protected":false},"author":1,"featured_media":0,"parent":0,"menu_order":0,"comment_status":"closed","ping_status":"closed","template":"","meta":{"footnotes":""},"class_list":["post-112","page","type-page","status-publish","hentry"],"jetpack_sharing_enabled":true,"_links":{"self":[{"href":"https:\/\/www.emilily.com\/index.php?rest_route=\/wp\/v2\/pages\/112","targetHints":{"allow":["GET"]}}],"collection":[{"href":"https:\/\/www.emilily.com\/index.php?rest_route=\/wp\/v2\/pages"}],"about":[{"href":"https:\/\/www.emilily.com\/index.php?rest_route=\/wp\/v2\/types\/page"}],"author":[{"embeddable":true,"href":"https:\/\/www.emilily.com\/index.php?rest_route=\/wp\/v2\/users\/1"}],"replies":[{"embeddable":true,"href":"https:\/\/www.emilily.com\/index.php?rest_route=%2Fwp%2Fv2%2Fcomments&post=112"}],"version-history":[{"count":13,"href":"https:\/\/www.emilily.com\/index.php?rest_route=\/wp\/v2\/pages\/112\/revisions"}],"predecessor-version":[{"id":579,"href":"https:\/\/www.emilily.com\/index.php?rest_route=\/wp\/v2\/pages\/112\/revisions\/579"}],"wp:attachment":[{"href":"https:\/\/www.emilily.com\/index.php?rest_route=%2Fwp%2Fv2%2Fmedia&parent=112"}],"curies":[{"name":"wp","href":"https:\/\/api.w.org\/{rel}","templated":true}]}}

<figure class="wp-block-video aligncenter"><video height="1080" style="aspect-ratio: 1920 / 1080;" width="1920" autoplay controls src="https://www.emilily.com/wp-content/uploads/2022/12/Reel-site-web-1.mp4"></video></figure>



<p class="wp-block-paragraph">Je suis Emilie et j&#8217;aime être active artistiquement, que ce soit via la photographie, ma voix, en tant que modèle, comédienne ou danseuse. Mon enthousiasme est palpable que je sois devant ou derrière la caméra. Le nom Emilily vient du m élange entre mon vrai prénom, et mon nom de scène &#8220;Lily Woo&#8221;. </p>



<p class="wp-block-paragraph">Ce site web est un portfolio non exhaustif des différents côtés de ma vie artistique. </p>



<p class="has-dark-gray-color has-text-color wp-block-paragraph">Je suis également <a rel="noreferrer noopener" href="http://www.emilieb.com/" target="_blank"><strong><mark style="background-color:#fff" class="has-inline-color has-dark-gray-color">life coach</mark></strong></a><mark style="background-color:#fff" class="has-inline-color has-black-color"> </mark>et suis consultante sur des projets de marketing et communication. </p>



<p class="wp-block-paragraph">N&#8217;hésitez pas à me contacter pour parler de projets que nous pourrions co-créer! </p>



<p class="wp-block-paragraph"></p>



<p class="wp-block-paragraph"></p>



<p class="wp-block-paragraph"></p>



<p class="wp-block-paragraph"></p>

<p>Je suis Emilie et j&#8217;aime être active artistiquement, que ce soit via la photographie, ma voix, en tant que modèle, comédienne ou danseuse. Mon enthousiasme est palpable que je sois devant ou derrière la caméra. Le nom Emilily vient du m élange entre mon vrai prénom, et mon nom de scène &#8220;Lily Woo&#8221;. Ce site [&hellip;]</p>
