{"id":143,"date":"2021-02-02T20:12:28","date_gmt":"2021-02-02T20:12:28","guid":{"rendered":"http:\/\/www.emilily.com\/?page_id=143"},"modified":"2022-10-03T09:48:41","modified_gmt":"2022-10-03T09:48:41","slug":"voix-off-livres-audio","status":"publish","type":"page","link":"https:\/\/www.emilily.com\/?page_id=143&lang=fr","title":{"rendered":"voix off \/ livres audio"},"content":{"rendered":"\n<p class=\"wp-block-paragraph\">Je m&#8217;amuse avec ma voix de diff\u00e9rentes mani\u00e8res, principalement pour les livres audio et les voix off.<\/p>\n\n\n\n<p class=\"wp-block-paragraph\">Je suis b\u00e9n\u00e9vole depuis plus de 3 ans pour la Fondation Biblioth\u00e8que Sonore Romande, qui met gratuitement des livres audio \u00e0 la disposition des personnes ne pouvant pas lire (historiquement pour les aveugles et maintenant pour toute personne ayant un certificat m\u00e9dical indiquant le handicap). Cliquez ci-dessous pour \u00e9couter quelques extraits.<\/p>\n\n\n\n<div class=\"wp-block-image\"><figure class=\"aligncenter size-large is-resized\"><a href=\"https:\/\/www.bibliothequesonore.ch\/rechercheBSR\/lecteur\/Emilie%20Berger\" target=\"_blank\" rel=\"noopener\"><img loading=\"lazy\" decoding=\"async\" src=\"https:\/\/www.emilily.com\/wp-content\/uploads\/2021\/02\/image-3.png\" alt=\"\" class=\"wp-image-225\" width=\"383\" height=\"248\" srcset=\"https:\/\/www.emilily.com\/wp-content\/uploads\/2021\/02\/image-3.png 750w, https:\/\/www.emilily.com\/wp-content\/uploads\/2021\/02\/image-3-300x195.png 300w, https:\/\/www.emilily.com\/wp-content\/uploads\/2021\/02\/image-3-508x330.png 508w\" sizes=\"auto, (max-width: 383px) 100vw, 383px\" \/><\/a><\/figure><\/div>\n\n\n\n<p class=\"wp-block-paragraph\">J&#8217;ai fait de la voix off et du sous-titrage lorsque je travaillais avec l&#8217;EPFL.<\/p>\n\n\n\n<figure class=\"wp-block-embed is-type-video is-provider-youtube wp-block-embed-youtube wp-embed-aspect-16-9 wp-has-aspect-ratio\"><div class=\"wp-block-embed__wrapper\">\n<iframe loading=\"lazy\" title=\"Sehen ist mit dem Herzen, Handeln ist mit den Lungen\" width=\"600\" height=\"338\" src=\"https:\/\/www.youtube.com\/embed\/weSj8qoJcFo?feature=oembed\" frameborder=\"0\" allow=\"accelerometer; autoplay; clipboard-write; encrypted-media; gyroscope; picture-in-picture; web-share\" referrerpolicy=\"strict-origin-when-cross-origin\" allowfullscreen><\/iframe>\n<\/div><figcaption>Ma voix-off en allemand (Vid\u00e9o r\u00e9alis\u00e9e en trois langues pour l&#8217;EPFL)<\/figcaption><\/figure>\n\n\n\n<p class=\"wp-block-paragraph\">Voici quelques exemples que j&#8217;ai r\u00e9alis\u00e9s \u00e0 partir de l&#8217;annonce de train et de la radio.<\/p>\n\n\n\n<figure class=\"wp-block-audio\"><audio controls src=\"https:\/\/www.emilily.com\/wp-content\/uploads\/2021\/01\/EXERCICE-Annonce-CFF-DE-EN-FR.mp3\"><\/audio><figcaption>EXERCICE Demo &#8211; Annonce CFF &#8211; DE EN FR <\/figcaption><\/figure>\n\n\n\n<figure class=\"wp-block-audio\"><audio controls src=\"https:\/\/www.emilily.com\/wp-content\/uploads\/2021\/01\/EXERCICE-Pub-radio-Lancy-centre-Noel.mp3\"><\/audio><figcaption>EXERCICE Demo &#8211; Pub radio &#8211; Lancy centre No\u00ebl<\/figcaption><\/figure>\n","protected":false},"excerpt":{"rendered":"<p>Je m&#8217;amuse avec ma voix de diff\u00e9rentes mani\u00e8res, principalement pour les livres audio et les voix off. Je suis b\u00e9n\u00e9vole depuis plus de 3 ans pour la Fondation Biblioth\u00e8que Sonore Romande, qui met gratuitement des livres audio \u00e0 la disposition des personnes ne pouvant pas lire (historiquement pour les aveugles et maintenant pour toute personne [&hellip;]<\/p>\n","protected":false},"author":1,"featured_media":0,"parent":0,"menu_order":0,"comment_status":"closed","ping_status":"closed","template":"","meta":{"footnotes":""},"class_list":["post-143","page","type-page","status-publish","hentry"],"jetpack_sharing_enabled":true,"_links":{"self":[{"href":"https:\/\/www.emilily.com\/index.php?rest_route=\/wp\/v2\/pages\/143","targetHints":{"allow":["GET"]}}],"collection":[{"href":"https:\/\/www.emilily.com\/index.php?rest_route=\/wp\/v2\/pages"}],"about":[{"href":"https:\/\/www.emilily.com\/index.php?rest_route=\/wp\/v2\/types\/page"}],"author":[{"embeddable":true,"href":"https:\/\/www.emilily.com\/index.php?rest_route=\/wp\/v2\/users\/1"}],"replies":[{"embeddable":true,"href":"https:\/\/www.emilily.com\/index.php?rest_route=%2Fwp%2Fv2%2Fcomments&post=143"}],"version-history":[{"count":5,"href":"https:\/\/www.emilily.com\/index.php?rest_route=\/wp\/v2\/pages\/143\/revisions"}],"predecessor-version":[{"id":553,"href":"https:\/\/www.emilily.com\/index.php?rest_route=\/wp\/v2\/pages\/143\/revisions\/553"}],"wp:attachment":[{"href":"https:\/\/www.emilily.com\/index.php?rest_route=%2Fwp%2Fv2%2Fmedia&parent=143"}],"curies":[{"name":"wp","href":"https:\/\/api.w.org\/{rel}","templated":true}]}}

<p class="wp-block-paragraph">Je m&#8217;amuse avec ma voix de différentes manières, principalement pour les livres audio et les voix off.</p>



<p class="wp-block-paragraph">Je suis bénévole depuis plus de 3 ans pour la Fondation Bibliothèque Sonore Romande, qui met gratuitement des livres audio à la disposition des personnes ne pouvant pas lire (historiquement pour les aveugles et maintenant pour toute personne ayant un certificat médical indiquant le handicap). Cliquez ci-dessous pour écouter quelques extraits.</p>



<div class="wp-block-image"><figure class="aligncenter size-large is-resized"><a href="https://www.bibliothequesonore.ch/rechercheBSR/lecteur/Emilie%20Berger" target="_blank" rel="noopener"><img loading="lazy" decoding="async" src="https://www.emilily.com/wp-content/uploads/2021/02/image-3.png" alt="" class="wp-image-225" width="383" height="248" srcset="https://www.emilily.com/wp-content/uploads/2021/02/image-3.png 750w, https://www.emilily.com/wp-content/uploads/2021/02/image-3-300x195.png 300w, https://www.emilily.com/wp-content/uploads/2021/02/image-3-508x330.png 508w" sizes="auto, (max-width: 383px) 100vw, 383px" /></a></figure></div>



<p class="wp-block-paragraph">J&#8217;ai fait de la voix off et du sous-titrage lorsque je travaillais avec l&#8217;EPFL.</p>



<figure class="wp-block-embed is-type-video is-provider-youtube wp-block-embed-youtube wp-embed-aspect-16-9 wp-has-aspect-ratio"><div class="wp-block-embed__wrapper">
<iframe loading="lazy" title="Sehen ist mit dem Herzen, Handeln ist mit den Lungen" width="600" height="338" src="https://www.youtube.com/embed/weSj8qoJcFo?feature=oembed" frameborder="0" allow="accelerometer; autoplay; clipboard-write; encrypted-media; gyroscope; picture-in-picture; web-share" referrerpolicy="strict-origin-when-cross-origin" allowfullscreen></iframe>
</div><figcaption>Ma voix-off en allemand (Vidéo réalisée en trois langues pour l&#8217;EPFL)</figcaption></figure>



<p class="wp-block-paragraph">Voici quelques exemples que j&#8217;ai réalisés à partir de l&#8217;annonce de train et de la radio.</p>



<figure class="wp-block-audio"><audio controls src="https://www.emilily.com/wp-content/uploads/2021/01/EXERCICE-Annonce-CFF-DE-EN-FR.mp3"></audio><figcaption>EXERCICE Demo &#8211; Annonce CFF &#8211; DE EN FR </figcaption></figure>



<figure class="wp-block-audio"><audio controls src="https://www.emilily.com/wp-content/uploads/2021/01/EXERCICE-Pub-radio-Lancy-centre-Noel.mp3"></audio><figcaption>EXERCICE Demo &#8211; Pub radio &#8211; Lancy centre Noël</figcaption></figure>

<p>Je m&#8217;amuse avec ma voix de différentes manières, principalement pour les livres audio et les voix off. Je suis bénévole depuis plus de 3 ans pour la Fondation Bibliothèque Sonore Romande, qui met gratuitement des livres audio à la disposition des personnes ne pouvant pas lire (historiquement pour les aveugles et maintenant pour toute personne [&hellip;]</p>
