{"id":192,"date":"2021-02-18T11:17:13","date_gmt":"2021-02-18T11:17:13","guid":{"rendered":"http:\/\/www.emilily.com\/?page_id=192"},"modified":"2022-01-11T14:09:38","modified_gmt":"2022-01-11T14:09:38","slug":"video-2","status":"publish","type":"page","link":"https:\/\/www.emilily.com\/?page_id=192&lang=fr","title":{"rendered":"video"},"content":{"rendered":"\n<p class=\"has-text-align-justify wp-block-paragraph\">Voici mes collaborations vid\u00e9os en tant qu&#8217;assistante r\u00e9alisation, cam\u00e9ra, son et lumi\u00e8re, montage, coaching des acteurs, figuration, voix-off, sous-titrage, pr\u00e9- et post-prod, partage sur les r\u00e9seaux sociaux.<\/p>\n\n\n\n<figure class=\"wp-block-embed is-type-video is-provider-youtube wp-block-embed-youtube wp-embed-aspect-16-9 wp-has-aspect-ratio\"><div class=\"wp-block-embed__wrapper\">\n<iframe loading=\"lazy\" title=\"Behind The Scenes - Fatigue Amoureuse\" width=\"600\" height=\"338\" src=\"https:\/\/www.youtube.com\/embed\/KjVAyxJZlBU?feature=oembed\" frameborder=\"0\" allow=\"accelerometer; autoplay; clipboard-write; encrypted-media; gyroscope; picture-in-picture; web-share\" referrerpolicy=\"strict-origin-when-cross-origin\" allowfullscreen><\/iframe>\n<\/div><figcaption>Cr\u00e9dits: Emilie Berger 2021 &#8211; Making of  de &#8220;Fatigue Amoureuse&#8221; de Sam Janot <br>(prise de vue et son, montage, quelques images proviennent du film)<\/figcaption><\/figure>\n\n\n\n<figure class=\"wp-block-embed is-type-video is-provider-youtube wp-block-embed-youtube wp-embed-aspect-16-9 wp-has-aspect-ratio\"><div class=\"wp-block-embed__wrapper\">\n<iframe loading=\"lazy\" title=\"Harnessing the moir\u00e9 effect to make transparent images\" width=\"600\" height=\"338\" src=\"https:\/\/www.youtube.com\/embed\/D8pJYsrlywc?feature=oembed\" frameborder=\"0\" allow=\"accelerometer; autoplay; clipboard-write; encrypted-media; gyroscope; picture-in-picture; web-share\" referrerpolicy=\"strict-origin-when-cross-origin\" allowfullscreen><\/iframe>\n<\/div><figcaption>Credits: EPFL 2020 &#8211; Assistante sur le set (cam\u00e9ra, son, choix du lieu et cadrage), coupes et montage, sous-titrage, partage sur les r\u00e9seaux sociaux<\/figcaption><\/figure>\n\n\n\n<figure class=\"wp-block-embed is-type-video is-provider-youtube wp-block-embed-youtube wp-embed-aspect-16-9 wp-has-aspect-ratio\"><div class=\"wp-block-embed__wrapper\">\n<iframe loading=\"lazy\" title=\"Breathing may change your mind about free will\" width=\"600\" height=\"338\" src=\"https:\/\/www.youtube.com\/embed\/kdf6srnVcM0?feature=oembed\" frameborder=\"0\" allow=\"accelerometer; autoplay; clipboard-write; encrypted-media; gyroscope; picture-in-picture; web-share\" referrerpolicy=\"strict-origin-when-cross-origin\" allowfullscreen><\/iframe>\n<\/div><figcaption>Credits: EPFL 2020 &#8211; Assistante sur le set (cam\u00e9ra, son, choix du lieu et cadrage), coupes et montage, sous-titrage, partage sur les r\u00e9seaux sociaux<\/figcaption><\/figure>\n\n\n\n<figure class=\"wp-block-embed is-type-video is-provider-youtube wp-block-embed-youtube wp-embed-aspect-16-9 wp-has-aspect-ratio\"><div class=\"wp-block-embed__wrapper\">\n<iframe loading=\"lazy\" title=\"Sehen ist mit dem Herzen, Handeln ist mit den Lungen\" width=\"600\" height=\"338\" src=\"https:\/\/www.youtube.com\/embed\/weSj8qoJcFo?feature=oembed\" frameborder=\"0\" allow=\"accelerometer; autoplay; clipboard-write; encrypted-media; gyroscope; picture-in-picture; web-share\" referrerpolicy=\"strict-origin-when-cross-origin\" allowfullscreen><\/iframe>\n<\/div><figcaption>Credits: EPFL 2020 &#8211; Voix-off allemande, traductions, synchronisation et montage des voix dans les versions fran\u00e7aise et anglaise du cartoon<\/figcaption><\/figure>\n\n\n\n<figure class=\"wp-block-embed is-type-video is-provider-youtube wp-block-embed-youtube wp-embed-aspect-16-9 wp-has-aspect-ratio\"><div class=\"wp-block-embed__wrapper\">\n<iframe loading=\"lazy\" title=\"Swiss Burlesque Academy\" width=\"600\" height=\"338\" src=\"https:\/\/www.youtube.com\/embed\/umCm3EBr3qc?feature=oembed\" frameborder=\"0\" allow=\"accelerometer; autoplay; clipboard-write; encrypted-media; gyroscope; picture-in-picture; web-share\" referrerpolicy=\"strict-origin-when-cross-origin\" allowfullscreen><\/iframe>\n<\/div><figcaption>Credits: Swiss Burlesque Academy \/ Misty Lotus 2020 &#8211; Prise d&#8217;images des interviews<br>(Vid\u00e9o interviews: moi-m\u00eame, vid\u00e9o spectacle: Miss Cartoon, <br>Photographies spectacles: Laura Gamarini and Morgane Raposo)<\/figcaption><\/figure>\n\n\n\n<figure class=\"wp-block-embed is-type-video is-provider-youtube wp-block-embed-youtube wp-embed-aspect-16-9 wp-has-aspect-ratio\"><div class=\"wp-block-embed__wrapper\">\nhttps:\/\/www.youtube.com\/watch?v=xrPVde0_vVM\n<\/div><figcaption>Credits: Tissot 2010 &#8211; Coordination du projet de la vid\u00e9o corporate, brainstorming,  coordination avec l&#8217;agence et l&#8217;\u00e9quipe de tournage et montage, assistante \u00e0 la direction artistique, cadrage et casting, diffusion web et r\u00e9seaux sociaux<\/figcaption><\/figure>\n","protected":false},"excerpt":{"rendered":"<p>Voici mes collaborations vid\u00e9os en tant qu&#8217;assistante r\u00e9alisation, cam\u00e9ra, son et lumi\u00e8re, montage, coaching des acteurs, figuration, voix-off, sous-titrage, pr\u00e9- et post-prod, partage sur les r\u00e9seaux sociaux.<\/p>\n","protected":false},"author":1,"featured_media":0,"parent":0,"menu_order":0,"comment_status":"closed","ping_status":"closed","template":"","meta":{"footnotes":""},"class_list":["post-192","page","type-page","status-publish","hentry"],"jetpack_sharing_enabled":true,"_links":{"self":[{"href":"https:\/\/www.emilily.com\/index.php?rest_route=\/wp\/v2\/pages\/192","targetHints":{"allow":["GET"]}}],"collection":[{"href":"https:\/\/www.emilily.com\/index.php?rest_route=\/wp\/v2\/pages"}],"about":[{"href":"https:\/\/www.emilily.com\/index.php?rest_route=\/wp\/v2\/types\/page"}],"author":[{"embeddable":true,"href":"https:\/\/www.emilily.com\/index.php?rest_route=\/wp\/v2\/users\/1"}],"replies":[{"embeddable":true,"href":"https:\/\/www.emilily.com\/index.php?rest_route=%2Fwp%2Fv2%2Fcomments&post=192"}],"version-history":[{"count":9,"href":"https:\/\/www.emilily.com\/index.php?rest_route=\/wp\/v2\/pages\/192\/revisions"}],"predecessor-version":[{"id":448,"href":"https:\/\/www.emilily.com\/index.php?rest_route=\/wp\/v2\/pages\/192\/revisions\/448"}],"wp:attachment":[{"href":"https:\/\/www.emilily.com\/index.php?rest_route=%2Fwp%2Fv2%2Fmedia&parent=192"}],"curies":[{"name":"wp","href":"https:\/\/api.w.org\/{rel}","templated":true}]}}

<p class="has-text-align-justify wp-block-paragraph">Voici mes collaborations vidéos en tant qu&#8217;assistante réalisation, caméra, son et lumière, montage, coaching des acteurs, figuration, voix-off, sous-titrage, pré- et post-prod, partage sur les réseaux sociaux.</p>



<figure class="wp-block-embed is-type-video is-provider-youtube wp-block-embed-youtube wp-embed-aspect-16-9 wp-has-aspect-ratio"><div class="wp-block-embed__wrapper">
<iframe loading="lazy" title="Behind The Scenes - Fatigue Amoureuse" width="600" height="338" src="https://www.youtube.com/embed/KjVAyxJZlBU?feature=oembed" frameborder="0" allow="accelerometer; autoplay; clipboard-write; encrypted-media; gyroscope; picture-in-picture; web-share" referrerpolicy="strict-origin-when-cross-origin" allowfullscreen></iframe>
</div><figcaption>Crédits: Emilie Berger 2021 &#8211; Making of  de &#8220;Fatigue Amoureuse&#8221; de Sam Janot <br>(prise de vue et son, montage, quelques images proviennent du film)</figcaption></figure>



<figure class="wp-block-embed is-type-video is-provider-youtube wp-block-embed-youtube wp-embed-aspect-16-9 wp-has-aspect-ratio"><div class="wp-block-embed__wrapper">
<iframe loading="lazy" title="Harnessing the moiré effect to make transparent images" width="600" height="338" src="https://www.youtube.com/embed/D8pJYsrlywc?feature=oembed" frameborder="0" allow="accelerometer; autoplay; clipboard-write; encrypted-media; gyroscope; picture-in-picture; web-share" referrerpolicy="strict-origin-when-cross-origin" allowfullscreen></iframe>
</div><figcaption>Credits: EPFL 2020 &#8211; Assistante sur le set (caméra, son, choix du lieu et cadrage), coupes et montage, sous-titrage, partage sur les réseaux sociaux</figcaption></figure>



<figure class="wp-block-embed is-type-video is-provider-youtube wp-block-embed-youtube wp-embed-aspect-16-9 wp-has-aspect-ratio"><div class="wp-block-embed__wrapper">
<iframe loading="lazy" title="Breathing may change your mind about free will" width="600" height="338" src="https://www.youtube.com/embed/kdf6srnVcM0?feature=oembed" frameborder="0" allow="accelerometer; autoplay; clipboard-write; encrypted-media; gyroscope; picture-in-picture; web-share" referrerpolicy="strict-origin-when-cross-origin" allowfullscreen></iframe>
</div><figcaption>Credits: EPFL 2020 &#8211; Assistante sur le set (caméra, son, choix du lieu et cadrage), coupes et montage, sous-titrage, partage sur les réseaux sociaux</figcaption></figure>



<figure class="wp-block-embed is-type-video is-provider-youtube wp-block-embed-youtube wp-embed-aspect-16-9 wp-has-aspect-ratio"><div class="wp-block-embed__wrapper">
<iframe loading="lazy" title="Sehen ist mit dem Herzen, Handeln ist mit den Lungen" width="600" height="338" src="https://www.youtube.com/embed/weSj8qoJcFo?feature=oembed" frameborder="0" allow="accelerometer; autoplay; clipboard-write; encrypted-media; gyroscope; picture-in-picture; web-share" referrerpolicy="strict-origin-when-cross-origin" allowfullscreen></iframe>
</div><figcaption>Credits: EPFL 2020 &#8211; Voix-off allemande, traductions, synchronisation et montage des voix dans les versions française et anglaise du cartoon</figcaption></figure>



<figure class="wp-block-embed is-type-video is-provider-youtube wp-block-embed-youtube wp-embed-aspect-16-9 wp-has-aspect-ratio"><div class="wp-block-embed__wrapper">
<iframe loading="lazy" title="Swiss Burlesque Academy" width="600" height="338" src="https://www.youtube.com/embed/umCm3EBr3qc?feature=oembed" frameborder="0" allow="accelerometer; autoplay; clipboard-write; encrypted-media; gyroscope; picture-in-picture; web-share" referrerpolicy="strict-origin-when-cross-origin" allowfullscreen></iframe>
</div><figcaption>Credits: Swiss Burlesque Academy / Misty Lotus 2020 &#8211; Prise d&#8217;images des interviews<br>(Vidéo interviews: moi-même, vidéo spectacle: Miss Cartoon, <br>Photographies spectacles: Laura Gamarini and Morgane Raposo)</figcaption></figure>



<figure class="wp-block-embed is-type-video is-provider-youtube wp-block-embed-youtube wp-embed-aspect-16-9 wp-has-aspect-ratio"><div class="wp-block-embed__wrapper">
https://www.youtube.com/watch?v=xrPVde0_vVM
</div><figcaption>Credits: Tissot 2010 &#8211; Coordination du projet de la vidéo corporate, brainstorming,  coordination avec l&#8217;agence et l&#8217;équipe de tournage et montage, assistante à la direction artistique, cadrage et casting, diffusion web et réseaux sociaux</figcaption></figure>

<p>Voici mes collaborations vidéos en tant qu&#8217;assistante réalisation, caméra, son et lumière, montage, coaching des acteurs, figuration, voix-off, sous-titrage, pré- et post-prod, partage sur les réseaux sociaux.</p>
